{"id":8034,"date":"2022-03-09T14:18:21","date_gmt":"2022-03-09T13:18:21","guid":{"rendered":"https:\/\/9eor47p4ctvdleql.prev.site\/sellebakk\/?page_id=8034"},"modified":"2023-03-14T00:51:45","modified_gmt":"2023-03-13T23:51:45","slug":"personvern","status":"publish","type":"page","link":"https:\/\/www.expressgym.no\/sellebakk\/personvern\/","title":{"rendered":"Personvern"},"content":{"rendered":"\t\t<div data-elementor-type=\"wp-page\" data-elementor-id=\"8034\" class=\"elementor elementor-8034\" data-elementor-settings=\"{&quot;element_pack_global_tooltip_width&quot;:{&quot;unit&quot;:&quot;px&quot;,&quot;size&quot;:&quot;&quot;,&quot;sizes&quot;:[]},&quot;element_pack_global_tooltip_width_tablet&quot;:{&quot;unit&quot;:&quot;px&quot;,&quot;size&quot;:&quot;&quot;,&quot;sizes&quot;:[]},&quot;element_pack_global_tooltip_width_mobile&quot;:{&quot;unit&quot;:&quot;px&quot;,&quot;size&quot;:&quot;&quot;,&quot;sizes&quot;:[]},&quot;element_pack_global_tooltip_padding&quot;:{&quot;unit&quot;:&quot;px&quot;,&quot;top&quot;:&quot;&quot;,&quot;right&quot;:&quot;&quot;,&quot;bottom&quot;:&quot;&quot;,&quot;left&quot;:&quot;&quot;,&quot;isLinked&quot;:true},&quot;element_pack_global_tooltip_padding_tablet&quot;:{&quot;unit&quot;:&quot;px&quot;,&quot;top&quot;:&quot;&quot;,&quot;right&quot;:&quot;&quot;,&quot;bottom&quot;:&quot;&quot;,&quot;left&quot;:&quot;&quot;,&quot;isLinked&quot;:true},&quot;element_pack_global_tooltip_padding_mobile&quot;:{&quot;unit&quot;:&quot;px&quot;,&quot;top&quot;:&quot;&quot;,&quot;right&quot;:&quot;&quot;,&quot;bottom&quot;:&quot;&quot;,&quot;left&quot;:&quot;&quot;,&quot;isLinked&quot;:true},&quot;element_pack_global_tooltip_border_radius&quot;:{&quot;unit&quot;:&quot;px&quot;,&quot;top&quot;:&quot;&quot;,&quot;right&quot;:&quot;&quot;,&quot;bottom&quot;:&quot;&quot;,&quot;left&quot;:&quot;&quot;,&quot;isLinked&quot;:true},&quot;element_pack_global_tooltip_border_radius_tablet&quot;:{&quot;unit&quot;:&quot;px&quot;,&quot;top&quot;:&quot;&quot;,&quot;right&quot;:&quot;&quot;,&quot;bottom&quot;:&quot;&quot;,&quot;left&quot;:&quot;&quot;,&quot;isLinked&quot;:true},&quot;element_pack_global_tooltip_border_radius_mobile&quot;:{&quot;unit&quot;:&quot;px&quot;,&quot;top&quot;:&quot;&quot;,&quot;right&quot;:&quot;&quot;,&quot;bottom&quot;:&quot;&quot;,&quot;left&quot;:&quot;&quot;,&quot;isLinked&quot;:true}}\" data-elementor-post-type=\"page\">\n\t\t\t\t\t\t<section class=\"elementor-section elementor-top-section elementor-element elementor-element-524c9fd0 elementor-section-full_width elementor-section-height-min-height elementor-section-height-default elementor-section-items-middle\" data-id=\"524c9fd0\" data-element_type=\"section\" data-e-type=\"section\" data-settings=\"{&quot;background_background&quot;:&quot;classic&quot;}\">\n\t\t\t\t\t\t\t<div class=\"elementor-background-overlay\"><\/div>\n\t\t\t\t\t\t\t<div class=\"elementor-container elementor-column-gap-default\">\n\t\t\t\t\t<div class=\"elementor-column elementor-col-100 elementor-top-column elementor-element elementor-element-340aa289\" data-id=\"340aa289\" data-element_type=\"column\" data-e-type=\"column\">\n\t\t\t<div class=\"elementor-widget-wrap elementor-element-populated\">\n\t\t\t\t\t\t\t<\/div>\n\t\t<\/div>\n\t\t\t\t\t<\/div>\n\t\t<\/section>\n\t\t\t\t<section class=\"elementor-section elementor-top-section elementor-element elementor-element-4c865a4 elementor-section-boxed elementor-section-height-default elementor-section-height-default\" data-id=\"4c865a4\" data-element_type=\"section\" data-e-type=\"section\">\n\t\t\t\t\t\t<div class=\"elementor-container elementor-column-gap-default\">\n\t\t\t\t\t<div class=\"elementor-column elementor-col-100 elementor-top-column elementor-element elementor-element-741ae6b\" data-id=\"741ae6b\" data-element_type=\"column\" data-e-type=\"column\">\n\t\t\t<div class=\"elementor-widget-wrap elementor-element-populated\">\n\t\t\t\t\t\t<div class=\"elementor-element elementor-element-b36184e elementor-widget elementor-widget-text-editor\" data-id=\"b36184e\" data-element_type=\"widget\" data-e-type=\"widget\" data-widget_type=\"text-editor.default\">\n\t\t\t\t<div class=\"elementor-widget-container\">\n\t\t\t\t\t\t\t\t\t<p>Sist oppdatert 09.03.2023<\/p>\t\t\t\t\t\t\t\t<\/div>\n\t\t\t\t<\/div>\n\t\t\t\t<div class=\"elementor-element elementor-element-3e2ada6 elementor-widget elementor-widget-heading\" data-id=\"3e2ada6\" data-element_type=\"widget\" data-e-type=\"widget\" data-widget_type=\"heading.default\">\n\t\t\t\t<div class=\"elementor-widget-container\">\n\t\t\t\t\t<h2 class=\"elementor-heading-title elementor-size-default\">Oversikt<\/h2>\t\t\t\t<\/div>\n\t\t\t\t<\/div>\n\t\t\t\t<div class=\"elementor-element elementor-element-7b483cc elementor-widget elementor-widget-text-editor\" data-id=\"7b483cc\" data-element_type=\"widget\" data-e-type=\"widget\" data-widget_type=\"text-editor.default\">\n\t\t\t\t<div class=\"elementor-widget-container\">\n\t\t\t\t\t\t\t\t\t<p>N\u00e5r du registrerer deg som medlem hos oss, gir du oss tilgang p\u00e5 dine personopplysninger. V\u00e5rt \u00f8nske er at du skal f\u00f8le deg trygg p\u00e5 at disse opplysningene behandles p\u00e5 en forsvarlig m\u00e5te. Denne personvernerkl\u00e6ringen fungerer derfor som en forsikring p\u00e5 at vi behandler dine personopplysninger i tr\u00e5d med de krav som til enhver tid f\u00f8lger av lov-, forskrifts- og vedtaksregulering.<\/p>\t\t\t\t\t\t\t\t<\/div>\n\t\t\t\t<\/div>\n\t\t\t\t<div class=\"elementor-element elementor-element-18b0edc elementor-widget elementor-widget-heading\" data-id=\"18b0edc\" data-element_type=\"widget\" data-e-type=\"widget\" data-widget_type=\"heading.default\">\n\t\t\t\t<div class=\"elementor-widget-container\">\n\t\t\t\t\t<h2 class=\"elementor-heading-title elementor-size-default\">Hva er personopplysninger?<\/h2>\t\t\t\t<\/div>\n\t\t\t\t<\/div>\n\t\t\t\t<div class=\"elementor-element elementor-element-226c12d elementor-widget elementor-widget-text-editor\" data-id=\"226c12d\" data-element_type=\"widget\" data-e-type=\"widget\" data-widget_type=\"text-editor.default\">\n\t\t\t\t<div class=\"elementor-widget-container\">\n\t\t\t\t\t\t\t\t\t<p>Personopplysninger er alle opplysninger som kan knyttes til deg som enkeltperson. Navn, adresse, telefonnummer og e-post er typiske personvernopplysninger. Et bilde utgj\u00f8r ogs\u00e5 en personopplysning dersom personen kan gjenkjennes. Det samme gjelder opplysninger om atferdsm\u00f8nstre.<\/p>\t\t\t\t\t\t\t\t<\/div>\n\t\t\t\t<\/div>\n\t\t\t\t<div class=\"elementor-element elementor-element-b0a0f03 elementor-widget elementor-widget-heading\" data-id=\"b0a0f03\" data-element_type=\"widget\" data-e-type=\"widget\" data-widget_type=\"heading.default\">\n\t\t\t\t<div class=\"elementor-widget-container\">\n\t\t\t\t\t<h2 class=\"elementor-heading-title elementor-size-default\">Hvilke regler gjelder for h\u00e5ndtering av personvernopplysninger?<\/h2>\t\t\t\t<\/div>\n\t\t\t\t<\/div>\n\t\t\t\t<div class=\"elementor-element elementor-element-d939448 elementor-widget elementor-widget-text-editor\" data-id=\"d939448\" data-element_type=\"widget\" data-e-type=\"widget\" data-widget_type=\"text-editor.default\">\n\t\t\t\t<div class=\"elementor-widget-container\">\n\t\t\t\t\t\t\t\t\t<p>Det sentrale regelverket p\u00e5 personopplysningsomr\u00e5de er personopplysningsloven og personvernforordningen. Dersom du \u00f8nsker mer informasjon om hvilke lover og regler som gjelder p\u00e5 omr\u00e5de anbefaler vi deg \u00e5 bes\u00f8ke Datatilsynets hjemmesider: <a href=\"http:\/\/www.datatilsynet.no\" target=\"_blank\" rel=\"noopener\">www.datatilsynet.no<\/a>.<\/p>\t\t\t\t\t\t\t\t<\/div>\n\t\t\t\t<\/div>\n\t\t\t\t<div class=\"elementor-element elementor-element-8ef58e5 elementor-widget elementor-widget-heading\" data-id=\"8ef58e5\" data-element_type=\"widget\" data-e-type=\"widget\" data-widget_type=\"heading.default\">\n\t\t\t\t<div class=\"elementor-widget-container\">\n\t\t\t\t\t<h2 class=\"elementor-heading-title elementor-size-default\">Hvilken informasjon samler vi om deg?<\/h2>\t\t\t\t<\/div>\n\t\t\t\t<\/div>\n\t\t\t\t<div class=\"elementor-element elementor-element-d5471c5 elementor-widget elementor-widget-text-editor\" data-id=\"d5471c5\" data-element_type=\"widget\" data-e-type=\"widget\" data-widget_type=\"text-editor.default\">\n\t\t\t\t<div class=\"elementor-widget-container\">\n\t\t\t\t\t\t\t\t\t<p>Denne personvernerkl\u00e6ringen retter seg mot behandling av personopplysninger om v\u00e5re medlemmer.<\/p><p>Vi behandler opplysningene du selv gir oss, herunder kontaktopplysninger som navn, adresse og e-post, og et profilbilde du selv tar ved innmelding. I tillegg oppbevares IP-adressen som er benyttet ved registrering av sikkerhetshensyn.<\/p><p>Vi behandler ogs\u00e5 informasjonen vi f\u00e5r ved at du benytter deg av v\u00e5re tjenester. Dette omfatter opplysninger om hvor ofte du benytter deg at av senteret, hvor lenge du har v\u00e6rt inne p\u00e5 senteret og hvilke senter du benytter geografisk sett, herunder videooverv\u00e5kning og passeringsbilde ved inngangen til senteret. Dersom du benytter deg av personlig trener, behandler vi opplysninger om din bookinghistorikk samt betalingsinformasjon. Ved deltagelse p\u00e5 gruppetimer registreres din bookinghistorikk, dvs. p\u00e5melding og avmelding av gruppetimer. Hva du gj\u00f8r mens du trener blir ikke registrert.<\/p><p>Kredittkortnumre behandles av v\u00e5r betalingspartner Netaxept\/Nets Easy og Adyen og ikke av oss. Dette for \u00e5 sikre effektiv h\u00e5ndtering av eventuelle problemer med belastning, oppheving av reservasjon og kreditering.<\/p>\t\t\t\t\t\t\t\t<\/div>\n\t\t\t\t<\/div>\n\t\t\t\t<div class=\"elementor-element elementor-element-4c8ed6c elementor-widget elementor-widget-heading\" data-id=\"4c8ed6c\" data-element_type=\"widget\" data-e-type=\"widget\" data-widget_type=\"heading.default\">\n\t\t\t\t<div class=\"elementor-widget-container\">\n\t\t\t\t\t<h2 class=\"elementor-heading-title elementor-size-default\">Hva bruker vi informasjonen til?<\/h2>\t\t\t\t<\/div>\n\t\t\t\t<\/div>\n\t\t\t\t<div class=\"elementor-element elementor-element-f84b54d elementor-widget elementor-widget-text-editor\" data-id=\"f84b54d\" data-element_type=\"widget\" data-e-type=\"widget\" data-widget_type=\"text-editor.default\">\n\t\t\t\t<div class=\"elementor-widget-container\">\n\t\t\t\t\t\t\t\t\t<p>Vi behandler personopplysninger for f\u00f8lgende form\u00e5l:<\/p><ul><li>Vi behandler kontaktopplysninger fordi det er n\u00f8dvendig for \u00e5 etablere og administrere kundeforholdet, samt for faktureringsform\u00e5l.<\/li><li>Vi behandler ansiktsbilder for \u00e5 forhindre at ikke-betalende personer benytter seg av treningssenteret.<\/li><li>Vi behandler videoopptak og passeringsbilde for \u00e5 forebygge og avdekke straffbare handlinger og for \u00e5 forhindre at ikke-betalende personer benytter seg av treningssenteret.<\/li><li>Vi behandler informasjon om bruk av personlig trener og deltagelse p\u00e5 gruppetimer for \u00e5 administrere kundeforholdet. Vi behandler ogs\u00e5 denne informasjonen for evaluere og forbedre treningstilbudet, samt for \u00e5 kunne analysere statistikk om bruken av v\u00e5re treningstilbud. Vi behandler ogs\u00e5 informasjon om bruk av PT-tjenester for faktureringsform\u00e5l.<\/li><\/ul>\t\t\t\t\t\t\t\t<\/div>\n\t\t\t\t<\/div>\n\t\t\t\t<div class=\"elementor-element elementor-element-a526ccd elementor-widget elementor-widget-heading\" data-id=\"a526ccd\" data-element_type=\"widget\" data-e-type=\"widget\" data-widget_type=\"heading.default\">\n\t\t\t\t<div class=\"elementor-widget-container\">\n\t\t\t\t\t<h2 class=\"elementor-heading-title elementor-size-default\">Hva er behandlingsgrunnlaget for v\u00e5r behandling av personopplysninger?<\/h2>\t\t\t\t<\/div>\n\t\t\t\t<\/div>\n\t\t\t\t<div class=\"elementor-element elementor-element-a3ace0c elementor-widget elementor-widget-text-editor\" data-id=\"a3ace0c\" data-element_type=\"widget\" data-e-type=\"widget\" data-widget_type=\"text-editor.default\">\n\t\t\t\t<div class=\"elementor-widget-container\">\n\t\t\t\t\t\t\t\t\t<p>All behandling av personopplysninger m\u00e5 ha et rettslig grunnlag for \u00e5 v\u00e6re lov. Det rettslige grunnlaget kalles ogs\u00e5 for <em>behandlingsgrunnlag<\/em>. Det kreves derfor et behandlingsgrunnlag etter personvernforordningen for \u00e5 registrere og lagre medlemmers kontaktopplysninger og ansiktsbilde, samt videooverv\u00e5ke passeringer inn til senteret. F\u00f8lgende behandlingsgrunnlag er relevant for\u00a0v\u00e5r behandling\u00a0av personopplysninger som angitt ovenfor:\u00a0<\/p><ul><li><strong>Oppfyllelse av avtale<\/strong>. For \u00e5 benytte deg av treningssenteret m\u00e5 du inng\u00e5 en avtale med oss. Vi behandler dine kontaktopplysninger, herunder navn, adresse og e-post, og betalingsinformasjon for \u00e5 inng\u00e5 og for \u00e5 oppfylle avtalen med deg.<\/li><li><strong>Berettigede interesser<\/strong>. Vi behandler personopplysninger p\u00e5 bakgrunn av v\u00e5re berettigede interesser. V\u00e5r vurdering er at behandlingen er n\u00f8dvendig for form\u00e5l knyttet til v\u00e5re berettigede interesser, og at disse g\u00e5r foran ditt personvern. Vi benytter dette behandlingsgrunnlaget for de f\u00f8lgende behandlingsaktivitetene:<ul><li>Vi registrerer ansiktsbildet ditt fordi det er n\u00f8dvendig for \u00e5 kunne kontrollere hvilke personer som tar seg inn p\u00e5 treningssenteret, og dermed forhindre at ikke-betalende personer benytter seg av treningssenteret. Medlemskap er personlig og kan i utgangspunktet enkelt misbrukes ved at et betalende medlem deler sitt medlemskap med andre. Bilderegistrering er n\u00f8dvendig for \u00e5 unng\u00e5 dette.<\/li><li>Vi benytter videooverv\u00e5kning og registering av passeringsbilde fordi det er n\u00f8dvendig for \u00e5 forebygge og avdekke straffbare handlinger, som tyveri, h\u00e6rverk og trakassering av medlemmer og ansatte. Videooverv\u00e5kning og passeringsbilde benyttes i tillegg til \u00e5 gjennomf\u00f8re manuelle kontroller av om det er eieren av adgangskortet (alts\u00e5 medlemmet) som tar seg inn p\u00e5 treningssenteret ved at det lagres et stillbilde fra overv\u00e5kningen n\u00e5r en person skanner et adgangskort og tar seg inn i treningssenteret. Videooverv\u00e5kning og registering av passeringsbilde skjer kun i forbindelse med inngangsporten.<\/li><li>Vi behandler informasjon om bruk av personlig trener og deltagelse p\u00e5 gruppetimer fordi det er n\u00f8dvendig for \u00e5 evaluere og optimalisere treningstilbudet, samt for \u00e5 analysere statistikk for \u00e5 forst\u00e5 medlemmenes behov. Dette bidrar til \u00e5 skape et bedre treningstilbud for v\u00e5re medlemmer.<\/li><li>Merk at vi ogs\u00e5 behandler dine kontaktopplysninger for form\u00e5lene beskrevet i de foreg\u00e5ende kulepunktene, dvs. basert p\u00e5 v\u00e5re berettigede interesser.<\/li><\/ul><\/li><\/ul><div>\u00a0<\/div>\t\t\t\t\t\t\t\t<\/div>\n\t\t\t\t<\/div>\n\t\t\t\t<div class=\"elementor-element elementor-element-9440c24 elementor-widget elementor-widget-heading\" data-id=\"9440c24\" data-element_type=\"widget\" data-e-type=\"widget\" data-widget_type=\"heading.default\">\n\t\t\t\t<div class=\"elementor-widget-container\">\n\t\t\t\t\t<h2 class=\"elementor-heading-title elementor-size-default\">Utlevering av personopplysninger<\/h2>\t\t\t\t<\/div>\n\t\t\t\t<\/div>\n\t\t\t\t<div class=\"elementor-element elementor-element-30cd77f elementor-widget elementor-widget-text-editor\" data-id=\"30cd77f\" data-element_type=\"widget\" data-e-type=\"widget\" data-widget_type=\"text-editor.default\">\n\t\t\t\t<div class=\"elementor-widget-container\">\n\t\t\t\t\t\t\t\t\t<p>Vi benytter oss av forskjellige leverand\u00f8rer som bist\u00e5r oss i forbindelse med behandlingen av personopplysninger, herunder v\u00e5r systemleverand\u00f8r SICS Systems. Vi har inng\u00e5tt databehandleravtaler med disse leverand\u00f8rene som p\u00e5legger de aktuelle selskapene \u00e5 s\u00f8rge for at personopplysninger er lagret p\u00e5 en sikker m\u00e5te, at de ikke kommer uvedkommende i hende og at de heller ikke brukes til andre form\u00e5l enn de vi utpeker.<\/p><p>Vi kommer ikke til \u00e5 utlevere dine personopplysninger til andre akt\u00f8rer enn de som er nevnt ovenfor, med mindre vi er lovp\u00e5lagt \u00e5 utlevere opplysningene.<\/p>\t\t\t\t\t\t\t\t<\/div>\n\t\t\t\t<\/div>\n\t\t\t\t<div class=\"elementor-element elementor-element-71c123c elementor-widget elementor-widget-heading\" data-id=\"71c123c\" data-element_type=\"widget\" data-e-type=\"widget\" data-widget_type=\"heading.default\">\n\t\t\t\t<div class=\"elementor-widget-container\">\n\t\t\t\t\t<h2 class=\"elementor-heading-title elementor-size-default\">Hvor lenge vil vi oppbevare dine personopplysninger?<\/h2>\t\t\t\t<\/div>\n\t\t\t\t<\/div>\n\t\t\t\t<div class=\"elementor-element elementor-element-ba03335 elementor-widget elementor-widget-text-editor\" data-id=\"ba03335\" data-element_type=\"widget\" data-e-type=\"widget\" data-widget_type=\"text-editor.default\">\n\t\t\t\t<div class=\"elementor-widget-container\">\n\t\t\t\t\t\t\t\t\t<p>Vi vil slette eller anonymisere personopplysninger n\u00e5r de ikke lenger er n\u00f8dvendige for form\u00e5let de ble samlet inn for, samt i samsvar med f\u00f8lgende sletterutiner:<\/p><ul><li>Videoopptake slettes innen syv dager etter at opptaket er gjort.<\/li><li>Passeringsbilder slettes etter 30 dager.<br \/><br \/><\/li><\/ul>\t\t\t\t\t\t\t\t<\/div>\n\t\t\t\t<\/div>\n\t\t\t\t<div class=\"elementor-element elementor-element-96f3a92 elementor-widget elementor-widget-heading\" data-id=\"96f3a92\" data-element_type=\"widget\" data-e-type=\"widget\" data-widget_type=\"heading.default\">\n\t\t\t\t<div class=\"elementor-widget-container\">\n\t\t\t\t\t<h2 class=\"elementor-heading-title elementor-size-default\">Hvilke rettigheter har du?<\/h2>\t\t\t\t<\/div>\n\t\t\t\t<\/div>\n\t\t\t\t<div class=\"elementor-element elementor-element-dd26dee elementor-widget elementor-widget-text-editor\" data-id=\"dd26dee\" data-element_type=\"widget\" data-e-type=\"widget\" data-widget_type=\"text-editor.default\">\n\t\t\t\t<div class=\"elementor-widget-container\">\n\t\t\t\t\t\t\t\t\t<p>Du har disse rettighetene n\u00e5r vi behandler personopplysningene dine:<\/p><ul><li><strong>Rett til innsyn.<\/strong> Du kan f\u00e5 innsyn i personopplysningene og informasjon om hvordan vi behandler dem.<\/li><li><strong>Rett til retting.<\/strong> Du kan be oss om \u00e5 rette opp i feilaktige personopplysninger om deg.<\/li><li><strong>Rett til sletting<\/strong> <strong>(retten til \u00e5 bli glemt).<\/strong> Du kan be oss om \u00e5 slette dine personopplysninger.<\/li><li><strong>Rett til begrensning.<\/strong> Du kan be oss om \u00e5 begrense behandlingen av dine personopplysninger.<\/li><li><strong>Rett til \u00e5 protestere.<\/strong> Du kan protestere mot behandlingen av personopplysningene dine.<\/li><li>Du kan be oss om \u00e5 utlevere personopplysningene til deg eller andre i et strukturert, alminnelig anvendt og maskinleselig format.<\/li><li style=\"text-indent: 0px;\"><b style=\"text-indent: -18pt; background-color: transparent; font-family: var( --e-global-typography-cd08eba-font-family ), Sans-serif; letter-spacing: var( --e-global-typography-cd08eba-letter-spacing ); word-spacing: var( --e-global-typography-cd08eba-word-spacing ); color: var( --e-global-color-659d611 );\">Dataportabilitet.<\/b><span style=\"text-indent: -18pt; background-color: transparent; font-family: var( --e-global-typography-cd08eba-font-family ), Sans-serif; letter-spacing: var( --e-global-typography-cd08eba-letter-spacing ); word-spacing: var( --e-global-typography-cd08eba-word-spacing ); color: var( --e-global-color-659d611 );\"> Du kan be oss om \u00e5 utlevere personopplysningene til deg eller andre i et strukturert, alminnelig anvendt og maskinleselig format.<br \/><br \/><\/span><\/li><\/ul><p>Vi gj\u00f8r oppmerksom p\u00e5 at det gjelder unntak og n\u00e6rmere vilk\u00e5r for rettighetene som er beskrevet ovenfor, og at ikke alle rettighetene vil v\u00e6re relevante for alle v\u00e5re forbindelser. Du kan lese mer om dine rettigheter p\u00e5 hjemmesidene til Datatilsynet, <a href=\"https:\/\/www.datatilsynet.no\/rettigheter-og-plikter\/den-registrertes-rettigheter\/\" target=\"_blank\" rel=\"noopener\">her<\/a>.<\/p><p>Dersom du \u00f8nsker \u00e5 gj\u00f8re bruk av en av dine rettigheter overfor oss, ber vi deg ta kontakt som angitt i punkt 13 nedenfor. Vi gj\u00f8r oppmerksom p\u00e5 at vi kan bli n\u00f8dt til \u00e5 be deg om \u00e5 identifisere deg, ettersom vi kan ha behov for \u00e5 sikre at du er den du utgir deg for \u00e5 v\u00e6re.<\/p>\t\t\t\t\t\t\t\t<\/div>\n\t\t\t\t<\/div>\n\t\t\t\t<div class=\"elementor-element elementor-element-81d8efd elementor-widget elementor-widget-heading\" data-id=\"81d8efd\" data-element_type=\"widget\" data-e-type=\"widget\" data-widget_type=\"heading.default\">\n\t\t\t\t<div class=\"elementor-widget-container\">\n\t\t\t\t\t<h2 class=\"elementor-heading-title elementor-size-default\">Datatilsynet og klagemuligheter<\/h2>\t\t\t\t<\/div>\n\t\t\t\t<\/div>\n\t\t\t\t<div class=\"elementor-element elementor-element-ebcb83c elementor-widget elementor-widget-text-editor\" data-id=\"ebcb83c\" data-element_type=\"widget\" data-e-type=\"widget\" data-widget_type=\"text-editor.default\">\n\t\t\t\t<div class=\"elementor-widget-container\">\n\t\t\t\t\t\t\t\t\t<p>Datatilsynet er ansvarlig for \u00e5 sikre at personvernet respekteres. Datatilsynet f\u00f8rer blant annet tilsyn for \u00e5 sikre at norske selskaper behandler personopplysninger p\u00e5 en lovlig m\u00e5te. Du kan kontakte oss n\u00e5r som helst hvis du har klager knyttet til behandlingen v\u00e5r av personopplysningene dine. Du kan ogs\u00e5 klage til Datatilsynet, samt til datatilsynet eller i EU\/E\u00d8S-landet der du bor eller arbeider, eller der den p\u00e5st\u00e5tte overtredelsen har funnet sted.<\/p><p>Kontaktinformasjon til Datatilsynet finner du p\u00e5 deres hjemmeside <a href=\"https:\/\/www.datatilsynet.no\/\" target=\"_blank\" rel=\"noopener\">her<\/a>. P\u00e5 hjemmesiden finner du ogs\u00e5 mer informasjon om v\u00e5re plikter etter den gjeldende Personvernlovgivningen.<\/p>\t\t\t\t\t\t\t\t<\/div>\n\t\t\t\t<\/div>\n\t\t\t\t<div class=\"elementor-element elementor-element-c618e1f elementor-widget elementor-widget-heading\" data-id=\"c618e1f\" data-element_type=\"widget\" data-e-type=\"widget\" data-widget_type=\"heading.default\">\n\t\t\t\t<div class=\"elementor-widget-container\">\n\t\t\t\t\t<h2 class=\"elementor-heading-title elementor-size-default\">Endringer<\/h2>\t\t\t\t<\/div>\n\t\t\t\t<\/div>\n\t\t\t\t<div class=\"elementor-element elementor-element-c8e7562 elementor-widget elementor-widget-text-editor\" data-id=\"c8e7562\" data-element_type=\"widget\" data-e-type=\"widget\" data-widget_type=\"text-editor.default\">\n\t\t\t\t<div class=\"elementor-widget-container\">\n\t\t\t\t\t\t\t\t\t<p>Av og til kan vi endre denne personvernerkl\u00e6ringen, for eksempel fordi behandlingen av personopplysningene dine endrer seg eller fordi det skjer endringer i personvernlovgivningen. N\u00e5r personvernerkl\u00e6ringen endres, vil en oppdatert versjon publiseres p\u00e5 v\u00e5r hjemmeside. Denne personvernerkl\u00e6ringen gjelder fra datoen som er angitt \u00f8verst i dokumentet.<\/p>\t\t\t\t\t\t\t\t<\/div>\n\t\t\t\t<\/div>\n\t\t\t\t<div class=\"elementor-element elementor-element-992d0c2 elementor-widget elementor-widget-heading\" data-id=\"992d0c2\" data-element_type=\"widget\" data-e-type=\"widget\" data-widget_type=\"heading.default\">\n\t\t\t\t<div class=\"elementor-widget-container\">\n\t\t\t\t\t<h2 class=\"elementor-heading-title elementor-size-default\">Kontakt oss<\/h2>\t\t\t\t<\/div>\n\t\t\t\t<\/div>\n\t\t\t\t<div class=\"elementor-element elementor-element-ba43d66 elementor-widget elementor-widget-text-editor\" data-id=\"ba43d66\" data-element_type=\"widget\" data-e-type=\"widget\" data-widget_type=\"text-editor.default\">\n\t\t\t\t<div class=\"elementor-widget-container\">\n\t\t\t\t\t\t\t\t\t<p>Hvis du har sp\u00f8rsm\u00e5l eller vil ha mer informasjon om hvilke personopplysninger vi behandler om deg eller \u00f8nsker \u00e5 bruke en av rettighetene dine, kan du kontakte oss p\u00e5:<\/p><p>Solbergg\u00e5rden Helsesenter AS<br \/>Sarpsborgveien 11<br \/>1640 R\u00e5de<br \/>Tlf: 69 28 51 35<br \/>E-post:\u00a0post@expressgym.no<\/p><p>\u00a0<\/p>\t\t\t\t\t\t\t\t<\/div>\n\t\t\t\t<\/div>\n\t\t\t\t\t<\/div>\n\t\t<\/div>\n\t\t\t\t\t<\/div>\n\t\t<\/section>\n\t\t\t\t<\/div>\n\t\t","protected":false},"excerpt":{"rendered":"<p>Sist oppdatert 09.03.2023 Oversikt N\u00e5r du registrerer deg som medlem hos oss, gir du oss tilgang p\u00e5 dine personopplysninger. V\u00e5rt \u00f8nske er at du skal f\u00f8le deg trygg p\u00e5 at disse opplysningene behandles p\u00e5 en forsvarlig m\u00e5te. Denne personvernerkl\u00e6ringen fungerer derfor som en forsikring p\u00e5 at vi behandler dine personopplysninger i tr\u00e5d med de krav [&hellip;]<\/p>\n","protected":false},"author":1,"featured_media":0,"parent":0,"menu_order":0,"comment_status":"closed","ping_status":"closed","template":"","meta":{"footnotes":""},"class_list":["post-8034","page","type-page","status-publish","hentry"],"_links":{"self":[{"href":"https:\/\/www.expressgym.no\/sellebakk\/wp-json\/wp\/v2\/pages\/8034","targetHints":{"allow":["GET"]}}],"collection":[{"href":"https:\/\/www.expressgym.no\/sellebakk\/wp-json\/wp\/v2\/pages"}],"about":[{"href":"https:\/\/www.expressgym.no\/sellebakk\/wp-json\/wp\/v2\/types\/page"}],"author":[{"embeddable":true,"href":"https:\/\/www.expressgym.no\/sellebakk\/wp-json\/wp\/v2\/users\/1"}],"replies":[{"embeddable":true,"href":"https:\/\/www.expressgym.no\/sellebakk\/wp-json\/wp\/v2\/comments?post=8034"}],"version-history":[{"count":10,"href":"https:\/\/www.expressgym.no\/sellebakk\/wp-json\/wp\/v2\/pages\/8034\/revisions"}],"predecessor-version":[{"id":9602,"href":"https:\/\/www.expressgym.no\/sellebakk\/wp-json\/wp\/v2\/pages\/8034\/revisions\/9602"}],"wp:attachment":[{"href":"https:\/\/www.expressgym.no\/sellebakk\/wp-json\/wp\/v2\/media?parent=8034"}],"curies":[{"name":"wp","href":"https:\/\/api.w.org\/{rel}","templated":true}]}}